059 (base 16) to base 4
11001121
3600 (base 10) to base 3
11221100
What is 1bba (base 14) in base 7?
20523
What is -1110010000010 (base 2) in base 12?
-4282
What is -590a (base 13) in base 6?
-133540
Convert -10101101100111 (base 2) to base 3.
-120020112
Convert 1220 (base 7) to base 11.
384
4163 (base 11) to base 7
22035
Convert -201010 (base 4) to base 15.
-961
-11110111101010 (base 2) to base 13
-72a3
What is -1133430 (base 5) in base 15?
-63ca
a77 (base 14) to base 6
13321
Convert -467 (base 8) to base 15.
-15b
-342012 (base 6) to base 2
-111000100011000
Convert -1332 (base 5) to base 2.
-11011001
Convert 2891 (base 11) to base 10.
3730
What is -11200 (base 4) in base 2?
-101100000
11101101101000 (base 2) to base 6
154224
11503 (base 13) to base 15
9571
9c0 (base 16) to base 8
4700
What is -151 (base 11) in base 2?
-10110001
-1831 (base 13) to base 11
-2773
What is 1100102 (base 3) in base 7?
2603
Convert 19d (base 14) to base 8.
517
What is 1a45 (base 16) in base 12?
3a85
What is 11101011101 (base 2) in base 15?
85a
Convert -207 (base 9) to base 2.
-10101001
What is 62330 (base 8) in base 13?
b99b
-14e (base 15) to base 9
-362
Convert 291b (base 14) to base 12.
4265
What is 7749 (base 13) in base 12?
9753
What is 100100011 (base 2) in base 15?
146
Convert -301132 (base 5) to base 7.
-36551
-1201001222 (base 3) to base 14
-c351
What is -1049 (base 11) in base 14?
-70c
Convert -86 (base 9) to base 7.
-141
Convert 7479 (base 12) to base 10.
12765
What is -3333044 (base 5) in base 2?
-1110010010011100
What is -5041 (base 6) in base 5?
-13410
-111010001101100 (base 2) to base 5
-1423204
Convert 2220101200 (base 3) to base 4.
31330332
10024 (base 7) to base 11
18aa
-104303 (base 5) to base 4
-321313
-1f0 (base 16) to base 3
-200101
What is -22111 (base 5) in base 10?
-1531
232331 (base 5) to base 16
2112
What is -b95 (base 14) in base 12?
-13a7
Convert -110100 (base 3) to base 6.
-1313
390d (base 16) to base 7
60403
Convert -101110101 (base 2) to base 12.
-271
-20122112 (base 3) to base 8
-11357
-11023 (base 4) to base 5
-2311
Convert 2154 (base 7) to base 10.
774
1018 (base 11) to base 14
6c6
What is 27365 (base 10) in base 11?
19618
What is -26744 (base 12) in base 14?
-153c8
What is 10320 (base 4) in base 2?
100111000
1146 (base 8) to base 12
432
What is -545 (base 8) in base 14?
-1b7
-12666 (base 7) to base 4
-311211
Convert 588 (base 10) to base 5.
4323
-ea8 (base 15) to base 8
-6354
What is 1201220120 (base 3) in base 14?
c669
What is 778 (base 11) in base 13?
569
What is -213021 (base 4) in base 13?
-11a9
Convert -100010100 (base 2) to base 12.
-1b0
What is -221121 (base 5) in base 9?
-11452
-102122 (base 3) to base 14
-186
-112102 (base 4) to base 12
-9aa
What is -533 (base 8) in base 9?
-425
Convert -5354 (base 8) to base 5.
-42141
5 (base 6) to base 5
10
Convert -1179 (base 13) to base 4.
-212202
13033 (base 4) to base 9
564
What is ba9c (base 14) in base 12?
16822
2100 (base 9) to base 6
11043
55117 (base 8) to base 12
11467
Convert 22502 (base 7) to base 13.
27c2
Convert -4b9 (base 16) to base 8.
-2271
Convert -11001110011111 (base 2) to base 13.
-6027
Convert 1055 (base 7) to base 9.
465
-e5b1 (base 15) to base 14
-13993
What is -1a742 (base 13) in base 6?
-1035400
Convert -107506 (base 8) to base 15.
-ad03
Convert 169a (base 13) to base 4.
310022
Convert -2301 (base 6) to base 3.
-202001
Convert 266 (base 15) to base 4.
20202
7592 (base 10) to base 11
5782
What is a232 (base 15) in base 9?
51872
What is c24a (base 13) in base 6?
323524
-13317 (base 10) to base 11
-a007
What is 630 (base 8) in base 14?
212
What is 551 (base 10) in base 16?
227
What is -9583 (base 10) in base 12?
-5667
-10000101110 (base 2) to base 6
-4542
What is 132444 (base 5) in base 3?
21101001
-21000 (base 3) to base 2
-10111101
What is 110 (base 5) in base 16?
1e
-321203 (base 4) to base 9
-5042
-1352 (base 12) to base 4
-202232
What is -18b6 (base 14) in base 9?
-6118
-425 (base 12) to base 7
-1523
159b (base 15) to base 4
1020212
56256 (base 8) to base 10
23726
What is 21100002 (base 3) in base 14?
1d40
Convert 14425 (base 6) to base 14.
bbb
12010112 (base 3) to base 13
1919
Convert 21211 (base 9) to base 16.
36c7
Convert -4162 (base 7) to base 11.
-1112
2aa1 (base 12) to base 4
1032121
-34326 (base 11) to base 5
-3042023
Convert 220220 (base 3) to base 10.
672
Convert -10122100 (base 3) to base 15.
-bc0
Convert 3501 (base 7) to base 13.
771
Convert -580 (base 12) to base 5.
-11231
Convert -271 (base 12) to base 8.
-565
Convert 3532 (base 10) to base 3.
11211211
10340 (base 5) to base 13
435
Convert 1218 (base 9) to base 6.
4112
67a (base 15) to base 11
1112
What is 202021 (base 3) in base 16?
223
Convert 141 (base 5) to base 4.
232
What is 61261 (base 7) in base 14?
55d8
1243 (base 6) to base 15
160
Convert -6159 (base 12) to base 4.
-2211111
What is 89b (base 12) in base 2?
10011110111
What is -57 (base 13) in base 10?
-72
What is -111121 (base 4) in base 15?
-614
Convert -1100100011010 (base 2) to base 5.
-201201
4a11 (base 11) to base 12
3956
What is 103133 (base 8) in base 6?
423123
What is -8a52 (base 11) in base 16?
-2e8b
What is 44202 (base 6) in base 7?
23564
What is -1013020 (base 4) in base 6?
-33024
What is 2746 (base 10) in base 6?
20414
Convert d835 (base 16) to base 2.
1101100000110101
Convert 14fd (base 16) to base 5.
132443
What is -221 (base 4) in base 5?
-131
What is -1313 (base 11) in base 10?
-1708
Convert 22037 (base 9) to base 14.
547c
Convert -15084 (base 9) to base 4.
-2200222
-30302 (base 4) to base 2
-1100110010
1415 (base 15) to base 11
3255
Convert 557 (base 13) to base 8.
1625
What is 1577 (base 10) in base 16?
629
What is -dc28 (base 16) in base 7?
-323213
-339 (base 12) to base 7
-1251
Convert -121220 (base 3) to base 14.
-248
Convert 13321 (base 5) to base 4.
100332
Convert 31532 (base 9) to base 8.
50556
-352 (base 12) to base 8
-756
Convert 2849 (base 11) to base 10.
3683
What is 17724 (base 8) in base 5?
230043
Convert 190 (base 14) to base 5.
2242
What is 108a (base 11) in base 12?
9b1
What is -1835 (base 10) in base 8?
-3453
Convert -17276 (base 8) to base 13.
-3775
Convert 11aa (base 13) to base 9.
3384
-364 (base 7) to base 11
-166
Convert 4951 (base 14) to base 16.
320b
5b0 (base 12) to base 10
852
Convert -100212020 (base 4) to base 7.
-402116
Convert -10100000010 (base 2) to base 5.
-20112
Convert -3220221 (base 4) to base 11.
-10206
125211 (base 6) to base 16
2d07
66 (base 8) to base 14
3c
1946 (base 12) to base 2
110000000110
What is -210200 (base 4) in base 8?
-4440
1414114 (base 5) to base 3
1111011121
-1073 (base 9) to base 6
-3403
-447 (base 10) to base 8
-677
-6418 (base 10) to base 13
-2bc9
4245 (base 9) to base 13
155c
9e2 (base 16) to base 4
213202
Convert 4233 (base 7) to base 2.
10111010110
What is -1001011111011 (base 2) in base 14?
-1ab1
Convert -1556 (base 8) to base 14.
-46a
What is 6542 (base 10) in base 4?
1212032
What is 1100010010100101 (base 2) in base 15?
edb1
Convert 10001101000 (base 2) to base 14.
5a8
22430 (base 8) to base 13
4426
Convert -15475 (base 9) to base 4.
-2211212
What is -2c5 (base 13) in base 6?
-2151
Convert 1010100101101 (base 2) to base 3.
21102210
31891 (base 11) to base 10
46322
Convert 10c20 (base 16) to base 10.
68640
What is -389 (base 14) in base 7?
-2032
Convert -1a7 (base 13) to base 3.
-102100
Convert -40445 (base 6) to base 12.
-3125
-340 (base 13) to base 12
-3a7
Convert -6743 (base 12) to base 15.
-35bc
Convert -5325 (base 6) to base 7.
-3341
What is -10011111110101010 (base 2) in base 9?
-134226
-25887 (base 9) to base 6
-212554
-24736 (base 8) to base 15
-3298
What is -387 (base 11) in base 4?
-13022
Convert -3455 (base 7) to base 12.
-895
What is -13770 (base 12) in base 16?
-6984
-1100100010001 (base 2) to base 6
-45413
Convert 40a (base 12) to base 2.
1001001010
What is -12131 (base 4) in base 12?
-2a5
What is -14510 (base 13) in base 15?
-b4c2
7024 (base 8) to base 2
111000010100
Convert -55 (base 10) to base 12.
-47
What is 5308 (base 9) in base 15?
124b
10111202 (base 3) to base 6
15502
-121 (base 9) to base 16
-64
What is -112123 (base 4) in base 11?
-1095
What is -d74 (base 16) in base 5?
-102234
Convert -703 (base 9) to base 11.
-479
-205a (base 1